 -206527 (base 9) to base 8.
-360026
-100110001001001111111 (base 2) to base 7
-13424036
What is 6661102 (base 7) in base 4?
3020210200
19259b7 (base 12) to base 14
9b517d
-4032210 (base 6) to base 9
-321026
What is aa37 (base 14) in base 6?
344201
What is 19233a (base 11) in base 2?
1001000001111010000
What is -124836 (base 11) in base 12?
-95988
1643501 (base 7) to base 3
102122122012
-1105474 (base 8) to base 3
-120010111012
What is -296638 (base 10) in base 4?
-1020122332
What is 222202012011 (base 3) in base 12?
214811
Convert 101000110001101101 (base 2) to base 3.
22111002222
What is -315445 (base 8) in base 4?
-121230211
What is -76458a (base 13) in base 15?
-39db44
-221045 (base 7) to base 3
-1222012202
Convert 65bb3 (base 16) to base 3.
210011121000
2349b9 (base 13) to base 7
10062164
What is -2150505 (base 7) in base 11?
-170688
What is 43334462 (base 8) in base 7?
141642451
-4112a0 (base 14) to base 10
-2192988
173741 (base 8) to base 15
13c07
What is -91680 (base 11) in base 10?
-133914
Convert -10003013311 (base 4) to base 9.
-1886824
What is -b01 (base 15) in base 4?
-212230
15553535 (base 7) to base 8
5603410
540924 (base 10) to base 4
2010003330
103a146 (base 14) to base 15
a184dc
What is 121211002111 (base 3) in base 13?
b78a1
Convert -1922704 (base 11) to base 4.
-30122120313
-19734 (base 10) to base 4
-10310112
Convert -111100110011000001 (base 2) to base 5.
-30432100
What is 126ca75 (base 14) in base 5?
4232330141
-10112211100012 (base 3) to base 2
-111001100011111011011
What is 238d3 (base 16) in base 10?
145619
24132402 (base 6) to base 10
758738
-301330123 (base 4) to base 3
-101101121201
Convert -3bc16 (base 15) to base 3.
-100201222210
Convert -380229 (base 10) to base 6.
-12052153
What is 32bd4a (base 15) in base 16?
24eb27
What is -7322 (base 13) in base 12?
-9262
-19c827 (base 15) to base 8
-4627571
Convert -2212143300 (base 5) to base 2.
-10010010100100110000110
Convert -1041760 (base 8) to base 14.
-73c2c
3c85ec (base 15) to base 13
7b0459
-112303103200 (base 4) to base 3
-102020200022221
What is 1021211020102 (base 3) in base 10?
685433
What is -4300110120 (base 5) in base 7?
-136253356
299725 (base 10) to base 4
1021023031
What is 5780a4 (base 11) in base 16?
e03e8
Convert 23413551 (base 7) to base 5.
1012232342
-435031525 (base 6) to base 11
-444515a
-2303173 (base 8) to base 2
-10011000011001111011
What is 1033064 (base 12) in base 10?
3053452
What is -23224460 (base 7) in base 8?
-7620373
-1121482 (base 9) to base 6
-20543415
What is 11b269 (base 14) in base 16?
942bd
1b185 (base 14) to base 13
254a0
102552325 (base 6) to base 12
7386a5
-7a51d1 (base 14) to base 7
-50246051
Convert 12112000001 (base 3) to base 15.
222b7
Convert -1121010221 (base 3) to base 13.
-11416
321123142 (base 5) to base 7
14314424
What is 430223433 (base 5) in base 16?
1b8a44
Convert -167549 (base 12) to base 9.
-647583
Convert 102210013 (base 4) to base 8.
224407
Convert -11232122020 (base 4) to base 3.
-2211020201111
-12742b (base 16) to base 11
-7566a3
-320222030 (base 4) to base 12
-b2378
What is -443443 (base 5) in base 15?
-48d3
Convert 36a63 (base 16) to base 6.
4444151
Convert 113011123 (base 4) to base 6.
2005431
What is -2301e8 (base 15) in base 11?
-a41553
Convert 358a648 (base 11) to base 13.
13ab410
Convert -3e67d (base 16) to base 13.
-8c467
What is 8589a2 (base 11) in base 6?
45234342
What is 1258215 (base 12) in base 15?
4b2172
110202121122 (base 3) to base 10
251225
Convert -55069e (base 16) to base 3.
-101111002200210
1313021333 (base 4) to base 3
220210111102
14a53b (base 16) to base 9
2481884
Convert 146cb7e (base 15) to base 11.
8381720
What is 5301104 (base 6) in base 11?
165a93
Convert -582339 (base 15) to base 10.
-4209354
Convert 100111101111111100111000 (base 2) to base 10.
10420024
What is 22111320001 (base 4) in base 5?
1143223131
What is -14656770 (base 9) in base 11?
-4137254
-110101101000010 (base 2) to base 3
-1101122222
What is 23211323 (base 4) in base 9?
72118
What is 423413 (base 6) in base 11?
23a11
Convert -d557a (base 14) to base 12.
-2096b4
Convert 23311001032 (base 4) to base 14.
5aa022
Convert 71023 (base 9) to base 3.
2101000210
What is 3314434043 (base 5) in base 3?
111112010101210
Convert -2b35b (base 14) to base 11.
-739a6
Convert -7600956 (base 11) to base 10.
-13368383
332021255 (base 6) to base 2
10110110010101101100011
54341152 (base 6) to base 11
a034a3
What is cd4e (base 16) in base 9?
80077
-201511143 (base 6) to base 16
-349647
What is 1110101120202 (base 3) in base 4?
2331102320
Convert -2d1cc4 (base 16) to base 9.
-5505472
Convert -33764 (base 8) to base 6.
-150152
1003311203 (base 4) to base 8
1036543
What is -7672457 (base 9) in base 12?
-14695ba
Convert 2662a3 (base 11) to base 15.
83e0e
What is 22012201021 (base 3) in base 9?
265637
-776105 (base 8) to base 6
-5333113
691140 (base 11) to base 12
4503ab
What is -1201102112201 (base 3) in base 16?
-df1aa
1241432 (base 7) to base 3
22012102212
What is -1322214012 (base 5) in base 13?
-8c3137
What is 1224414041 (base 5) in base 3?
12120201122102
Convert 123003212 (base 4) to base 11.
76298
What is -100110001001101011 (base 2) in base 13?
-56187
What is -a0a57 (base 16) in base 3?
-1020102121122
Convert -26d0a (base 16) to base 6.
-3224014
Convert 8628135 (base 10) to base 6.
504533023
Convert 1467e (base 15) to base 13.
23b19
Convert 474105 (base 10) to base 16.
73bf9
20302552 (base 6) to base 8
2164244
What is 54554532 (base 7) in base 5?
2144422431
What is 6022350 (base 7) in base 6?
23130140
What is 1451323 (base 7) in base 14?
51d13
766122 (base 9) to base 8
1574740
What is 277059 (base 11) in base 6?
13145042
What is 1160880 (base 13) in base 14?
9db496
Convert 806387 (base 9) to base 8.
1643640
What is 254339 (base 16) in base 9?
4531758
What is 12211022 (base 4) in base 11?
19284
11011111010010100010 (base 2) to base 15
130ece
3023203 (base 5) to base 15
e5bd
23655357 (base 8) to base 9
10705820
Convert -41c88c (base 15) to base 16.
-2fc4bd
What is -1401d (base 16) in base 2?
-10100000000011101
-1a82b9 (base 13) to base 2
-10100100110010011001
-6651320 (base 8) to base 9
-3328305
What is 1000203310 (base 4) in base 14?
6c524
Convert 741383 (base 9) to base 4.
1223210322
Convert 12127025 (base 8) to base 2.
1010001010111000010101
6374671 (base 10) to base 16
61450f
Convert 201122020000 (base 3) to base 5.
44332112
-14234135 (base 6) to base 8
-1667013
Convert -11112010210202 (base 3) to base 15.
-3274d5
21882a (base 11) to base 4
1111003213
Convert 15268c (base 13) to base 10.
519622
Convert -121202430 (base 5) to base 15.
-b3960
-134001155 (base 6) to base 7
-32001122
Convert -55c65 (base 14) to base 5.
-23130431
43113434 (base 5) to base 7
3043054
-304706 (base 9) to base 13
-642b1
What is -4148677 (base 9) in base 16?
-21d5e5
-50017727 (base 8) to base 9
-21663841
-36b74 (base 16) to base 2
-110110101101110100
What is -24188 (base 14) in base 8?
-254074
Convert abc3c5 (base 13) to base 16.
3ddc75
What is -211021211210 (base 3) in base 14?
-b5c6c
What is -36019c (base 15) in base 2?
-1001110110011011100111
What is -241221324 (base 5) in base 6?
-35535413
What is 30024004 (base 6) in base 9?
1524664
Convert 14222324 (base 7) to base 8.
5054236
What is -1611 (base 8) in base 6?
-4105
What is 11110010011001111010 (base 2) in base 12?
3ba70a
What is 6e19 (base 15) in base 13?
a87b
Convert -117c8 (base 16) to base 12.
-35548
a8a1c (base 14) to base 5
101024343
Convert -34322134 (base 7) to base 15.
-3e30dd
Convert a6080 (base 11) to base 4.
211231310
-23121464 (base 7) to base 8
-7555523
What is 15291 (base 11) in base 15?
6628
5193a3 (base 11) to base 4
3023031133
Convert -51523334 (base 6) to base 11.
-927440
94e3 (base 16) to base 13
1446c
c01392 (base 13) to base 11
2575686
What is -930aa (base 12) in base 15?
-3bd0d
Convert 7421564 (base 11) to base 13.
292ac35
-1aeed (base 16) to base 10
-110317
Convert -2011223210 (base 5) to base 9.
-7477755
What is 1312213312 (base 4) in base 6?
14225234
What is -50390 (base 15) in base 7?
-2105223
What is -10111112002 (base 3) in base 9?
-114462
-206154 (base 8) to base 2
-10000110001101100
Convert -111012121120 (base 3) to base 7.
-2131635
204109 (base 12) to base 10
504729
What